{"id":2171,"date":"2021-06-14T14:00:17","date_gmt":"2021-06-14T14:00:17","guid":{"rendered":"https:\/\/laurits.qodeinteractive.com\/?page_id=2171"},"modified":"2023-04-23T09:03:01","modified_gmt":"2023-04-23T09:03:01","slug":"standard","status":"publish","type":"page","link":"https:\/\/hartgallery.ro\/?page_id=2171","title":{"rendered":"Standard"},"content":{"rendered":"\t\t<div data-elementor-type=\"wp-page\" data-elementor-id=\"2171\" class=\"elementor elementor-2171\">\n\t\t\t\t\t\t<section class=\"elementor-section elementor-top-section elementor-element elementor-element-1e10e5d elementor-section-full_width qodef-elementor-content-grid elementor-section-height-default elementor-section-height-default qodef-backgound-letter-holder-no\" data-id=\"1e10e5d\" data-element_type=\"section\">\n\t\t\t\t\t\t<div class=\"elementor-container elementor-column-gap-no\">\n\t\t\t\t\t<div class=\"elementor-column elementor-col-100 elementor-top-column elementor-element elementor-element-9c33760\" data-id=\"9c33760\" data-element_type=\"column\">\n\t\t\t<div class=\"elementor-widget-wrap elementor-element-populated\">\n\t\t\t\t\t\t<div class=\"elementor-element elementor-element-774719e elementor-widget elementor-widget-laurits_core_portfolio_list\" data-id=\"774719e\" data-element_type=\"widget\" data-widget_type=\"laurits_core_portfolio_list.default\">\n\t\t\t\t<div class=\"elementor-widget-container\">\n\t\t\t<div class=\"qodef-shortcode qodef-m  qodef-portfolio-list qodef-item-layout--info-below qodef-item-border--no  qodef-side-border--on  qodef-appear-animation--no   qodef-grid qodef-layout--masonry  qodef-gutter--medium qodef-col-num--3 qodef-item-layout--info-below qodef-pagination--on qodef-pagination-type--infinite-scroll qodef-responsive--predefined qodef-hover-animation--zoom-out\" data-options=\"{&quot;plugin&quot;:&quot;laurits_core&quot;,&quot;module&quot;:&quot;post-types\\\/portfolio\\\/shortcodes&quot;,&quot;shortcode&quot;:&quot;portfolio-list&quot;,&quot;post_type&quot;:&quot;portfolio-item&quot;,&quot;next_page&quot;:&quot;2&quot;,&quot;max_pages_num&quot;:2,&quot;behavior&quot;:&quot;masonry&quot;,&quot;columns&quot;:&quot;3&quot;,&quot;columns_responsive&quot;:&quot;predefined&quot;,&quot;space&quot;:&quot;medium&quot;,&quot;display_tag_line&quot;:&quot;no&quot;,&quot;display_letter&quot;:&quot;no&quot;,&quot;display_item_border&quot;:&quot;no&quot;,&quot;remove_side_borders&quot;:&quot;no&quot;,&quot;display_show_more&quot;:&quot;no&quot;,&quot;orderby&quot;:&quot;date&quot;,&quot;order&quot;:&quot;ASC&quot;,&quot;layout&quot;:&quot;info-below&quot;,&quot;hover_animation_info-below&quot;:&quot;zoom-out&quot;,&quot;hover_animation_info-follow&quot;:&quot;follow&quot;,&quot;hover_animation_info-on-hover&quot;:&quot;fade-in&quot;,&quot;title_tag&quot;:&quot;h4&quot;,&quot;custom_padding&quot;:&quot;no&quot;,&quot;items_appear_animation&quot;:&quot;no&quot;,&quot;enable_filter&quot;:&quot;no&quot;,&quot;pagination_type&quot;:&quot;infinite-scroll&quot;,&quot;info_below_display_info&quot;:&quot;yes&quot;,&quot;object_class_name&quot;:&quot;LauritsCore_Portfolio_List_Shortcode&quot;,&quot;taxonomy_filter&quot;:&quot;portfolio-category&quot;,&quot;additional_query_args&quot;:[],&quot;holder_data&quot;:{&quot;data-appearing-delay&quot;:0},&quot;space_value&quot;:20}\" data-appearing-delay=\"0\">\n\t\t<div class=\"qodef-grid-inner clear\">\n\t\t\t<div class=\"qodef-grid-masonry-sizer\"><\/div>\n\t<div class=\"qodef-grid-masonry-gutter\"><\/div>\n<article class=\"qodef-e qodef-parallax-effect--no qodef-grid-item post-2019 portfolio-item type-portfolio-item status-publish has-post-thumbnail hentry\">\n\t<div class=\"qodef-e-inner\" >\n\t\t<div class=\"qodef-e-image\">\n\t\t\t\t<div class=\"qodef-e-media-image\">\n\t\t<a itemprop=\"url\" href=\"https:\/\/hartgallery.ro\/?portfolio-item=contemporary-clean-design\" target=\"_self\">\n\t\t\t<img fetchpriority=\"high\" width=\"492\" height=\"448\" src=\"https:\/\/hartgallery.ro\/wp-content\/uploads\/2021\/06\/ion-barladeanu2b-aw.jpg\" class=\"attachment-full size-full wp-post-image\" alt=\"\" decoding=\"async\" srcset=\"https:\/\/hartgallery.ro\/wp-content\/uploads\/2021\/06\/ion-barladeanu2b-aw.jpg 492w, https:\/\/hartgallery.ro\/wp-content\/uploads\/2021\/06\/ion-barladeanu2b-aw-300x273.jpg 300w\" sizes=\"(max-width: 492px) 100vw, 492px\" \/>\t\t<\/a>\n\t<\/div>\n\t\t<\/div>\n\t\t\t\t\t\t\t<div class=\"qodef-e-content\" >\n\t\t\t\t<div class=\"qodef-e-text\">\n\t\t\t\t\t<h4 itemprop=\"name\" class=\"qodef-e-title entry-title\" >\n\t<a itemprop=\"url\" class=\"qodef-e-title-link\" href=\"https:\/\/hartgallery.ro\/?portfolio-item=contemporary-clean-design\" target=\"_self\">\n\t\tIon B\u00e2rl\u0103deanu\t<\/a>\n<\/h4>\n\t\t\t\t<\/div>\n\t\t\t\t<div class=\"qodef-e-bottom-holder\">\n\t\t\t\t\t<div class=\"qodef-e-category\">\n\t\t\t\t\t\t\t\t\t\t\t<\/div>\n\t\t\t\t\t<div class=\"qodef-e-client\">\n\t\t\t\t\t\t\t\t\t\t\t<\/div>\n\t\t\t\t<\/div>\n\t\t\t<\/div>\n\t\t\t<\/div>\n<\/article>\n<article class=\"qodef-e qodef-parallax-effect--no qodef-grid-item post-2020 portfolio-item type-portfolio-item status-publish has-post-thumbnail hentry\">\n\t<div class=\"qodef-e-inner\" >\n\t\t<div class=\"qodef-e-image\">\n\t\t\t\t<div class=\"qodef-e-media-image\">\n\t\t<a itemprop=\"url\" href=\"https:\/\/hartgallery.ro\/?portfolio-item=self-evaluation-in-art\" target=\"_self\">\n\t\t\t<img width=\"2000\" height=\"1793\" src=\"https:\/\/hartgallery.ro\/wp-content\/uploads\/2021\/06\/nicolae2.jpg\" class=\"attachment-full size-full wp-post-image\" alt=\"\" decoding=\"async\" srcset=\"https:\/\/hartgallery.ro\/wp-content\/uploads\/2021\/06\/nicolae2.jpg 2000w, https:\/\/hartgallery.ro\/wp-content\/uploads\/2021\/06\/nicolae2-600x538.jpg 600w, https:\/\/hartgallery.ro\/wp-content\/uploads\/2021\/06\/nicolae2-300x269.jpg 300w, https:\/\/hartgallery.ro\/wp-content\/uploads\/2021\/06\/nicolae2-1024x918.jpg 1024w, https:\/\/hartgallery.ro\/wp-content\/uploads\/2021\/06\/nicolae2-768x689.jpg 768w, https:\/\/hartgallery.ro\/wp-content\/uploads\/2021\/06\/nicolae2-1536x1377.jpg 1536w\" sizes=\"(max-width: 2000px) 100vw, 2000px\" \/>\t\t<\/a>\n\t<\/div>\n\t\t<\/div>\n\t\t\t\t\t\t\t<div class=\"qodef-e-content\" >\n\t\t\t\t<div class=\"qodef-e-text\">\n\t\t\t\t\t<h4 itemprop=\"name\" class=\"qodef-e-title entry-title\" >\n\t<a itemprop=\"url\" class=\"qodef-e-title-link\" href=\"https:\/\/hartgallery.ro\/?portfolio-item=self-evaluation-in-art\" target=\"_self\">\n\t\tNicolae Com\u0103nescu\t<\/a>\n<\/h4>\n\t\t\t\t<\/div>\n\t\t\t\t<div class=\"qodef-e-bottom-holder\">\n\t\t\t\t\t<div class=\"qodef-e-category\">\n\t\t\t\t\t\t\t\t\t\t\t<\/div>\n\t\t\t\t\t<div class=\"qodef-e-client\">\n\t\t\t\t\t\t\t\t\t\t\t<\/div>\n\t\t\t\t<\/div>\n\t\t\t<\/div>\n\t\t\t<\/div>\n<\/article>\n<article class=\"qodef-e qodef-parallax-effect--no qodef-grid-item post-2713 portfolio-item type-portfolio-item status-publish has-post-thumbnail hentry\">\n\t<div class=\"qodef-e-inner\" >\n\t\t<div class=\"qodef-e-image\">\n\t\t\t\t<div class=\"qodef-e-media-image\">\n\t\t<a itemprop=\"url\" href=\"https:\/\/hartgallery.ro\/?portfolio-item=colorful-impact\" target=\"_self\">\n\t\t\t<img width=\"739\" height=\"667\" src=\"https:\/\/hartgallery.ro\/wp-content\/uploads\/2021\/06\/zidaru7.jpg\" class=\"attachment-full size-full wp-post-image\" alt=\"\" decoding=\"async\" srcset=\"https:\/\/hartgallery.ro\/wp-content\/uploads\/2021\/06\/zidaru7.jpg 739w, https:\/\/hartgallery.ro\/wp-content\/uploads\/2021\/06\/zidaru7-600x542.jpg 600w, https:\/\/hartgallery.ro\/wp-content\/uploads\/2021\/06\/zidaru7-300x271.jpg 300w\" sizes=\"(max-width: 739px) 100vw, 739px\" \/>\t\t<\/a>\n\t<\/div>\n\t\t<\/div>\n\t\t\t\t\t\t\t<div class=\"qodef-e-content\" >\n\t\t\t\t<div class=\"qodef-e-text\">\n\t\t\t\t\t<h4 itemprop=\"name\" class=\"qodef-e-title entry-title\" >\n\t<a itemprop=\"url\" class=\"qodef-e-title-link\" href=\"https:\/\/hartgallery.ro\/?portfolio-item=colorful-impact\" target=\"_self\">\n\t\tVictoria Zidaru\t<\/a>\n<\/h4>\n\t\t\t\t<\/div>\n\t\t\t\t<div class=\"qodef-e-bottom-holder\">\n\t\t\t\t\t<div class=\"qodef-e-category\">\n\t\t\t\t\t\t\t\t\t\t\t<\/div>\n\t\t\t\t\t<div class=\"qodef-e-client\">\n\t\t\t\t\t\t\t\t\t\t\t<\/div>\n\t\t\t\t<\/div>\n\t\t\t<\/div>\n\t\t\t<\/div>\n<\/article>\n<article class=\"qodef-e qodef-parallax-effect--no qodef-grid-item post-2714 portfolio-item type-portfolio-item status-publish has-post-thumbnail hentry\">\n\t<div class=\"qodef-e-inner\" >\n\t\t<div class=\"qodef-e-image\">\n\t\t\t\t<div class=\"qodef-e-media-image\">\n\t\t<a itemprop=\"url\" href=\"https:\/\/hartgallery.ro\/?portfolio-item=new-concepts\" target=\"_self\">\n\t\t\t<img loading=\"lazy\" width=\"822\" height=\"591\" src=\"https:\/\/hartgallery.ro\/wp-content\/uploads\/2021\/06\/gorzooo.jpg\" class=\"attachment-full size-full wp-post-image\" alt=\"\" decoding=\"async\" srcset=\"https:\/\/hartgallery.ro\/wp-content\/uploads\/2021\/06\/gorzooo.jpg 822w, https:\/\/hartgallery.ro\/wp-content\/uploads\/2021\/06\/gorzooo-600x431.jpg 600w, https:\/\/hartgallery.ro\/wp-content\/uploads\/2021\/06\/gorzooo-300x216.jpg 300w, https:\/\/hartgallery.ro\/wp-content\/uploads\/2021\/06\/gorzooo-768x552.jpg 768w\" sizes=\"(max-width: 822px) 100vw, 822px\" \/>\t\t<\/a>\n\t<\/div>\n\t\t<\/div>\n\t\t\t\t\t\t\t<div class=\"qodef-e-content\" >\n\t\t\t\t<div class=\"qodef-e-text\">\n\t\t\t\t\t<h4 itemprop=\"name\" class=\"qodef-e-title entry-title\" >\n\t<a itemprop=\"url\" class=\"qodef-e-title-link\" href=\"https:\/\/hartgallery.ro\/?portfolio-item=new-concepts\" target=\"_self\">\n\t\tDumitru Gorzo\t<\/a>\n<\/h4>\n\t\t\t\t<\/div>\n\t\t\t\t<div class=\"qodef-e-bottom-holder\">\n\t\t\t\t\t<div class=\"qodef-e-category\">\n\t\t\t\t\t\t\t\t\t\t\t<\/div>\n\t\t\t\t\t<div class=\"qodef-e-client\">\n\t\t\t\t\t\t\t\t\t\t\t<\/div>\n\t\t\t\t<\/div>\n\t\t\t<\/div>\n\t\t\t<\/div>\n<\/article>\n<article class=\"qodef-e qodef-parallax-effect--no qodef-grid-item post-13300 portfolio-item type-portfolio-item status-publish has-post-thumbnail hentry\">\n\t<div class=\"qodef-e-inner\" >\n\t\t<div class=\"qodef-e-image\">\n\t\t\t\t<div class=\"qodef-e-media-image\">\n\t\t<a itemprop=\"url\" href=\"https:\/\/hartgallery.ro\/?portfolio-item=stefan-ungureanu\" target=\"_self\">\n\t\t\t<img loading=\"lazy\" width=\"300\" height=\"433\" src=\"https:\/\/hartgallery.ro\/wp-content\/uploads\/2023\/04\/stefan.jpg\" class=\"attachment-full size-full wp-post-image\" alt=\"\" decoding=\"async\" srcset=\"https:\/\/hartgallery.ro\/wp-content\/uploads\/2023\/04\/stefan.jpg 300w, https:\/\/hartgallery.ro\/wp-content\/uploads\/2023\/04\/stefan-208x300.jpg 208w\" sizes=\"(max-width: 300px) 100vw, 300px\" \/>\t\t<\/a>\n\t<\/div>\n\t\t<\/div>\n\t\t\t\t\t\t\t<div class=\"qodef-e-content\" >\n\t\t\t\t<div class=\"qodef-e-text\">\n\t\t\t\t\t<h4 itemprop=\"name\" class=\"qodef-e-title entry-title\" >\n\t<a itemprop=\"url\" class=\"qodef-e-title-link\" href=\"https:\/\/hartgallery.ro\/?portfolio-item=stefan-ungureanu\" target=\"_self\">\n\t\t\u0218tefan Ungureanu\t<\/a>\n<\/h4>\n\t\t\t\t<\/div>\n\t\t\t\t<div class=\"qodef-e-bottom-holder\">\n\t\t\t\t\t<div class=\"qodef-e-category\">\n\t\t\t\t\t\t\t\t\t\t\t<\/div>\n\t\t\t\t\t<div class=\"qodef-e-client\">\n\t\t\t\t\t\t\t\t\t\t\t<\/div>\n\t\t\t\t<\/div>\n\t\t\t<\/div>\n\t\t\t<\/div>\n<\/article>\n<article class=\"qodef-e qodef-parallax-effect--no qodef-grid-item post-13323 portfolio-item type-portfolio-item status-publish has-post-thumbnail hentry\">\n\t<div class=\"qodef-e-inner\" >\n\t\t<div class=\"qodef-e-image\">\n\t\t\t\t<div class=\"qodef-e-media-image\">\n\t\t<a itemprop=\"url\" href=\"https:\/\/hartgallery.ro\/?portfolio-item=florin-ciulache\" target=\"_self\">\n\t\t\t<img loading=\"lazy\" width=\"300\" height=\"367\" src=\"https:\/\/hartgallery.ro\/wp-content\/uploads\/2023\/04\/florin_ciulache_122.jpg\" class=\"attachment-full size-full wp-post-image\" alt=\"\" decoding=\"async\" srcset=\"https:\/\/hartgallery.ro\/wp-content\/uploads\/2023\/04\/florin_ciulache_122.jpg 300w, https:\/\/hartgallery.ro\/wp-content\/uploads\/2023\/04\/florin_ciulache_122-245x300.jpg 245w\" sizes=\"(max-width: 300px) 100vw, 300px\" \/>\t\t<\/a>\n\t<\/div>\n\t\t<\/div>\n\t\t\t\t\t\t\t<div class=\"qodef-e-content\" >\n\t\t\t\t<div class=\"qodef-e-text\">\n\t\t\t\t\t<h4 itemprop=\"name\" class=\"qodef-e-title entry-title\" >\n\t<a itemprop=\"url\" class=\"qodef-e-title-link\" href=\"https:\/\/hartgallery.ro\/?portfolio-item=florin-ciulache\" target=\"_self\">\n\t\tFlorin Ciulache\t<\/a>\n<\/h4>\n\t\t\t\t<\/div>\n\t\t\t\t<div class=\"qodef-e-bottom-holder\">\n\t\t\t\t\t<div class=\"qodef-e-category\">\n\t\t\t\t\t\t\t\t\t\t\t<\/div>\n\t\t\t\t\t<div class=\"qodef-e-client\">\n\t\t\t\t\t\t\t\t\t\t\t<\/div>\n\t\t\t\t<\/div>\n\t\t\t<\/div>\n\t\t\t<\/div>\n<\/article>\n<article class=\"qodef-e qodef-parallax-effect--no qodef-grid-item post-13342 portfolio-item type-portfolio-item status-publish has-post-thumbnail hentry\">\n\t<div class=\"qodef-e-inner\" >\n\t\t<div class=\"qodef-e-image\">\n\t\t\t\t<div class=\"qodef-e-media-image\">\n\t\t<a itemprop=\"url\" href=\"https:\/\/hartgallery.ro\/?portfolio-item=anca-muresean\" target=\"_self\">\n\t\t\t<img loading=\"lazy\" width=\"1000\" height=\"610\" src=\"https:\/\/hartgallery.ro\/wp-content\/uploads\/2023\/04\/anca.jpg\" class=\"attachment-full size-full wp-post-image\" alt=\"\" decoding=\"async\" srcset=\"https:\/\/hartgallery.ro\/wp-content\/uploads\/2023\/04\/anca.jpg 1000w, https:\/\/hartgallery.ro\/wp-content\/uploads\/2023\/04\/anca-600x366.jpg 600w, https:\/\/hartgallery.ro\/wp-content\/uploads\/2023\/04\/anca-300x183.jpg 300w, https:\/\/hartgallery.ro\/wp-content\/uploads\/2023\/04\/anca-768x468.jpg 768w\" sizes=\"(max-width: 1000px) 100vw, 1000px\" \/>\t\t<\/a>\n\t<\/div>\n\t\t<\/div>\n\t\t\t\t\t\t\t<div class=\"qodef-e-content\" >\n\t\t\t\t<div class=\"qodef-e-text\">\n\t\t\t\t\t<h4 itemprop=\"name\" class=\"qodef-e-title entry-title\" >\n\t<a itemprop=\"url\" class=\"qodef-e-title-link\" href=\"https:\/\/hartgallery.ro\/?portfolio-item=anca-muresean\" target=\"_self\">\n\t\tAnca Mure\u0219ean\t<\/a>\n<\/h4>\n\t\t\t\t<\/div>\n\t\t\t\t<div class=\"qodef-e-bottom-holder\">\n\t\t\t\t\t<div class=\"qodef-e-category\">\n\t\t\t\t\t\t\t\t\t\t\t<\/div>\n\t\t\t\t\t<div class=\"qodef-e-client\">\n\t\t\t\t\t\t\t\t\t\t\t<\/div>\n\t\t\t\t<\/div>\n\t\t\t<\/div>\n\t\t\t<\/div>\n<\/article>\n<article class=\"qodef-e qodef-parallax-effect--no qodef-grid-item post-13346 portfolio-item type-portfolio-item status-publish has-post-thumbnail hentry\">\n\t<div class=\"qodef-e-inner\" >\n\t\t<div class=\"qodef-e-image\">\n\t\t\t\t<div class=\"qodef-e-media-image\">\n\t\t<a itemprop=\"url\" href=\"https:\/\/hartgallery.ro\/?portfolio-item=george-anghelescu\" target=\"_self\">\n\t\t\t<img loading=\"lazy\" width=\"1240\" height=\"900\" src=\"https:\/\/hartgallery.ro\/wp-content\/uploads\/2023\/04\/anghelescu.jpg\" class=\"attachment-full size-full wp-post-image\" alt=\"\" decoding=\"async\" srcset=\"https:\/\/hartgallery.ro\/wp-content\/uploads\/2023\/04\/anghelescu.jpg 1240w, https:\/\/hartgallery.ro\/wp-content\/uploads\/2023\/04\/anghelescu-600x435.jpg 600w, https:\/\/hartgallery.ro\/wp-content\/uploads\/2023\/04\/anghelescu-300x218.jpg 300w, https:\/\/hartgallery.ro\/wp-content\/uploads\/2023\/04\/anghelescu-1024x743.jpg 1024w, https:\/\/hartgallery.ro\/wp-content\/uploads\/2023\/04\/anghelescu-768x557.jpg 768w\" sizes=\"(max-width: 1240px) 100vw, 1240px\" \/>\t\t<\/a>\n\t<\/div>\n\t\t<\/div>\n\t\t\t\t\t\t\t<div class=\"qodef-e-content\" >\n\t\t\t\t<div class=\"qodef-e-text\">\n\t\t\t\t\t<h4 itemprop=\"name\" class=\"qodef-e-title entry-title\" >\n\t<a itemprop=\"url\" class=\"qodef-e-title-link\" href=\"https:\/\/hartgallery.ro\/?portfolio-item=george-anghelescu\" target=\"_self\">\n\t\tGeorge Anghelescu\t<\/a>\n<\/h4>\n\t\t\t\t<\/div>\n\t\t\t\t<div class=\"qodef-e-bottom-holder\">\n\t\t\t\t\t<div class=\"qodef-e-category\">\n\t\t\t\t\t\t\t\t\t\t\t<\/div>\n\t\t\t\t\t<div class=\"qodef-e-client\">\n\t\t\t\t\t\t\t\t\t\t\t<\/div>\n\t\t\t\t<\/div>\n\t\t\t<\/div>\n\t\t\t<\/div>\n<\/article>\n<article class=\"qodef-e qodef-parallax-effect--no qodef-grid-item post-13348 portfolio-item type-portfolio-item status-publish has-post-thumbnail hentry\">\n\t<div class=\"qodef-e-inner\" >\n\t\t<div class=\"qodef-e-image\">\n\t\t\t\t<div class=\"qodef-e-media-image\">\n\t\t<a itemprop=\"url\" href=\"https:\/\/hartgallery.ro\/?portfolio-item=gili-mocanu\" target=\"_self\">\n\t\t\t<img loading=\"lazy\" width=\"600\" height=\"425\" src=\"https:\/\/hartgallery.ro\/wp-content\/uploads\/2023\/04\/gili.jpg\" class=\"attachment-full size-full wp-post-image\" alt=\"\" decoding=\"async\" srcset=\"https:\/\/hartgallery.ro\/wp-content\/uploads\/2023\/04\/gili.jpg 600w, https:\/\/hartgallery.ro\/wp-content\/uploads\/2023\/04\/gili-300x213.jpg 300w\" sizes=\"(max-width: 600px) 100vw, 600px\" \/>\t\t<\/a>\n\t<\/div>\n\t\t<\/div>\n\t\t\t\t\t\t\t<div class=\"qodef-e-content\" >\n\t\t\t\t<div class=\"qodef-e-text\">\n\t\t\t\t\t<h4 itemprop=\"name\" class=\"qodef-e-title entry-title\" >\n\t<a itemprop=\"url\" class=\"qodef-e-title-link\" href=\"https:\/\/hartgallery.ro\/?portfolio-item=gili-mocanu\" target=\"_self\">\n\t\tGili Mocanu\t<\/a>\n<\/h4>\n\t\t\t\t<\/div>\n\t\t\t\t<div class=\"qodef-e-bottom-holder\">\n\t\t\t\t\t<div class=\"qodef-e-category\">\n\t\t\t\t\t\t\t\t\t\t\t<\/div>\n\t\t\t\t\t<div class=\"qodef-e-client\">\n\t\t\t\t\t\t\t\t\t\t\t<\/div>\n\t\t\t\t<\/div>\n\t\t\t<\/div>\n\t\t\t<\/div>\n<\/article>\n<article class=\"qodef-e qodef-parallax-effect--no qodef-grid-item post-13350 portfolio-item type-portfolio-item status-publish has-post-thumbnail hentry\">\n\t<div class=\"qodef-e-inner\" >\n\t\t<div class=\"qodef-e-image\">\n\t\t\t\t<div class=\"qodef-e-media-image\">\n\t\t<a itemprop=\"url\" href=\"https:\/\/hartgallery.ro\/?portfolio-item=tara-von-neudorf\" target=\"_self\">\n\t\t\t<img loading=\"lazy\" width=\"1000\" height=\"825\" src=\"https:\/\/hartgallery.ro\/wp-content\/uploads\/2023\/04\/tara.jpg\" class=\"attachment-full size-full wp-post-image\" alt=\"\" decoding=\"async\" srcset=\"https:\/\/hartgallery.ro\/wp-content\/uploads\/2023\/04\/tara.jpg 1000w, https:\/\/hartgallery.ro\/wp-content\/uploads\/2023\/04\/tara-600x495.jpg 600w, https:\/\/hartgallery.ro\/wp-content\/uploads\/2023\/04\/tara-300x248.jpg 300w, https:\/\/hartgallery.ro\/wp-content\/uploads\/2023\/04\/tara-768x634.jpg 768w\" sizes=\"(max-width: 1000px) 100vw, 1000px\" \/>\t\t<\/a>\n\t<\/div>\n\t\t<\/div>\n\t\t\t\t\t\t\t<div class=\"qodef-e-content\" >\n\t\t\t\t<div class=\"qodef-e-text\">\n\t\t\t\t\t<h4 itemprop=\"name\" class=\"qodef-e-title entry-title\" >\n\t<a itemprop=\"url\" class=\"qodef-e-title-link\" href=\"https:\/\/hartgallery.ro\/?portfolio-item=tara-von-neudorf\" target=\"_self\">\n\t\tTara von Neudorf\t<\/a>\n<\/h4>\n\t\t\t\t<\/div>\n\t\t\t\t<div class=\"qodef-e-bottom-holder\">\n\t\t\t\t\t<div class=\"qodef-e-category\">\n\t\t\t\t\t\t\t\t\t\t\t<\/div>\n\t\t\t\t\t<div class=\"qodef-e-client\">\n\t\t\t\t\t\t\t\t\t\t\t<\/div>\n\t\t\t\t<\/div>\n\t\t\t<\/div>\n\t\t\t<\/div>\n<\/article>\n<article class=\"qodef-e qodef-parallax-effect--no qodef-grid-item post-13352 portfolio-item type-portfolio-item status-publish has-post-thumbnail hentry\">\n\t<div class=\"qodef-e-inner\" >\n\t\t<div class=\"qodef-e-image\">\n\t\t\t\t<div class=\"qodef-e-media-image\">\n\t\t<a itemprop=\"url\" href=\"https:\/\/hartgallery.ro\/?portfolio-item=lucian-hrisav\" target=\"_self\">\n\t\t\t<img loading=\"lazy\" width=\"1000\" height=\"812\" src=\"https:\/\/hartgallery.ro\/wp-content\/uploads\/2023\/04\/lucian.jpg\" class=\"attachment-full size-full wp-post-image\" alt=\"\" decoding=\"async\" srcset=\"https:\/\/hartgallery.ro\/wp-content\/uploads\/2023\/04\/lucian.jpg 1000w, https:\/\/hartgallery.ro\/wp-content\/uploads\/2023\/04\/lucian-600x487.jpg 600w, https:\/\/hartgallery.ro\/wp-content\/uploads\/2023\/04\/lucian-300x244.jpg 300w, https:\/\/hartgallery.ro\/wp-content\/uploads\/2023\/04\/lucian-768x624.jpg 768w\" sizes=\"(max-width: 1000px) 100vw, 1000px\" \/>\t\t<\/a>\n\t<\/div>\n\t\t<\/div>\n\t\t\t\t\t\t\t<div class=\"qodef-e-content\" >\n\t\t\t\t<div class=\"qodef-e-text\">\n\t\t\t\t\t<h4 itemprop=\"name\" class=\"qodef-e-title entry-title\" >\n\t<a itemprop=\"url\" class=\"qodef-e-title-link\" href=\"https:\/\/hartgallery.ro\/?portfolio-item=lucian-hrisav\" target=\"_self\">\n\t\tLucian Hrisav\t<\/a>\n<\/h4>\n\t\t\t\t<\/div>\n\t\t\t\t<div class=\"qodef-e-bottom-holder\">\n\t\t\t\t\t<div class=\"qodef-e-category\">\n\t\t\t\t\t\t\t\t\t\t\t<\/div>\n\t\t\t\t\t<div class=\"qodef-e-client\">\n\t\t\t\t\t\t\t\t\t\t\t<\/div>\n\t\t\t\t<\/div>\n\t\t\t<\/div>\n\t\t\t<\/div>\n<\/article>\n<article class=\"qodef-e qodef-parallax-effect--no qodef-grid-item post-13354 portfolio-item type-portfolio-item status-publish has-post-thumbnail hentry\">\n\t<div class=\"qodef-e-inner\" >\n\t\t<div class=\"qodef-e-image\">\n\t\t\t\t<div class=\"qodef-e-media-image\">\n\t\t<a itemprop=\"url\" href=\"https:\/\/hartgallery.ro\/?portfolio-item=suzana-dan\" target=\"_self\">\n\t\t\t<img loading=\"lazy\" width=\"1000\" height=\"667\" src=\"https:\/\/hartgallery.ro\/wp-content\/uploads\/2023\/04\/Suzana.jpg\" class=\"attachment-full size-full wp-post-image\" alt=\"\" decoding=\"async\" srcset=\"https:\/\/hartgallery.ro\/wp-content\/uploads\/2023\/04\/Suzana.jpg 1000w, https:\/\/hartgallery.ro\/wp-content\/uploads\/2023\/04\/Suzana-600x400.jpg 600w, https:\/\/hartgallery.ro\/wp-content\/uploads\/2023\/04\/Suzana-300x200.jpg 300w, https:\/\/hartgallery.ro\/wp-content\/uploads\/2023\/04\/Suzana-768x512.jpg 768w\" sizes=\"(max-width: 1000px) 100vw, 1000px\" \/>\t\t<\/a>\n\t<\/div>\n\t\t<\/div>\n\t\t\t\t\t\t\t<div class=\"qodef-e-content\" >\n\t\t\t\t<div class=\"qodef-e-text\">\n\t\t\t\t\t<h4 itemprop=\"name\" class=\"qodef-e-title entry-title\" >\n\t<a itemprop=\"url\" class=\"qodef-e-title-link\" href=\"https:\/\/hartgallery.ro\/?portfolio-item=suzana-dan\" target=\"_self\">\n\t\tSuzana Dan\t<\/a>\n<\/h4>\n\t\t\t\t<\/div>\n\t\t\t\t<div class=\"qodef-e-bottom-holder\">\n\t\t\t\t\t<div class=\"qodef-e-category\">\n\t\t\t\t\t\t\t\t\t\t\t<\/div>\n\t\t\t\t\t<div class=\"qodef-e-client\">\n\t\t\t\t\t\t\t\t\t\t\t<\/div>\n\t\t\t\t<\/div>\n\t\t\t<\/div>\n\t\t\t<\/div>\n<\/article>\n\t\t\t<\/div>\n\t\t<div class=\"qodef-m-pagination qodef--infinite-scroll\">\n\t\t<svg class=\"qodef-m-pagination-spinner\" xmlns=\"http:\/\/www.w3.org\/2000\/svg\" width=\"512\" height=\"512\" viewBox=\"0 0 512 512\"><path d=\"M304 48c0 26.51-21.49 48-48 48s-48-21.49-48-48 21.49-48 48-48 48 21.49 48 48zm-48 368c-26.51 0-48 21.49-48 48s21.49 48 48 48 48-21.49 48-48-21.49-48-48-48zm208-208c-26.51 0-48 21.49-48 48s21.49 48 48 48 48-21.49 48-48-21.49-48-48-48zM96 256c0-26.51-21.49-48-48-48S0 229.49 0 256s21.49 48 48 48 48-21.49 48-48zm12.922 99.078c-26.51 0-48 21.49-48 48s21.49 48 48 48 48-21.49 48-48c0-26.509-21.491-48-48-48zm294.156 0c-26.51 0-48 21.49-48 48s21.49 48 48 48 48-21.49 48-48c0-26.509-21.49-48-48-48zM108.922 60.922c-26.51 0-48 21.49-48 48s21.49 48 48 48 48-21.49 48-48-21.491-48-48-48z\"><\/path><\/svg>\t<\/div>\n<\/div>\n\t\t<\/div>\n\t\t\t\t<\/div>\n\t\t\t\t\t<\/div>\n\t\t<\/div>\n\t\t\t\t\t<\/div>\n\t\t<\/section>\n\t\t\t\t<\/div>\n\t\t","protected":false},"excerpt":{"rendered":"<p>Ion B\u00e2rl\u0103deanu Nicolae Com\u0103nescu Victoria Zidaru Dumitru Gorzo \u0218tefan Ungureanu Florin Ciulache Anca Mure\u0219ean George Anghelescu Gili Mocanu Tara von Neudorf Lucian Hrisav Suzana Dan<\/p>\n","protected":false},"author":1,"featured_media":0,"parent":2169,"menu_order":0,"comment_status":"closed","ping_status":"closed","template":"page-full-width.php","meta":[],"_links":{"self":[{"href":"https:\/\/hartgallery.ro\/index.php?rest_route=\/wp\/v2\/pages\/2171"}],"collection":[{"href":"https:\/\/hartgallery.ro\/index.php?rest_route=\/wp\/v2\/pages"}],"about":[{"href":"https:\/\/hartgallery.ro\/index.php?rest_route=\/wp\/v2\/types\/page"}],"author":[{"embeddable":true,"href":"https:\/\/hartgallery.ro\/index.php?rest_route=\/wp\/v2\/users\/1"}],"replies":[{"embeddable":true,"href":"https:\/\/hartgallery.ro\/index.php?rest_route=%2Fwp%2Fv2%2Fcomments&post=2171"}],"version-history":[{"count":4,"href":"https:\/\/hartgallery.ro\/index.php?rest_route=\/wp\/v2\/pages\/2171\/revisions"}],"predecessor-version":[{"id":13363,"href":"https:\/\/hartgallery.ro\/index.php?rest_route=\/wp\/v2\/pages\/2171\/revisions\/13363"}],"up":[{"embeddable":true,"href":"https:\/\/hartgallery.ro\/index.php?rest_route=\/wp\/v2\/pages\/2169"}],"wp:attachment":[{"href":"https:\/\/hartgallery.ro\/index.php?rest_route=%2Fwp%2Fv2%2Fmedia&parent=2171"}],"curies":[{"name":"wp","href":"https:\/\/api.w.org\/{rel}","templated":true}]}}